. Calculate the highest common factor of 217 and a.
31
Suppose 5 = 3*m + 5*o, m - 2 - 1 = -o. Let s = 5 + -8. Let r = m + s. Calculate the highest common divisor of 4 and r.
2
Let o be ((-17)/2 + -2)*-2. Suppose -o = 4*r - 105. Let v be (r/9)/((-1)/(-3)). What is the greatest common factor of 49 and v?
7
Let y(r) = r - 2. Let k be y(4). What is the highest common divisor of 22 and k?
2
Suppose 7*k - 85 = 6*k. Suppose 5*h = -9 + 94. Calculate the greatest common divisor of h and k.
17
Let q be -4 + (-10)/(6/(-3)). Calculate the greatest common factor of 11 and q.
1
Let k be ((-4)/3)/((-28)/126). What is the greatest common factor of 4 and k?
2
Let x(g) = 8*g + 17. Let s(k) = -2*k - 4. Let t(n) = -9*s(n) - 2*x(n). Let i be t(5). Calculate the highest common factor of 24 and i.
12
Let n be 0/(1 - 3) + 10. Let s = -91 - -146. Let v = s - n. Calculate the highest common factor of 30 and v.
15
Let o(k) = -2*k. Let g be o(-6). Let b = 70 + -10. What is the greatest common divisor of g and b?
12
Let n = 16 + -3. What is the greatest common factor of 39 and n?
13
Let l be -2 + ((-26)/(-2) - 1). Let m be (16/10)/(l/125). What is the highest common divisor of m and 80?
20
Let k = 10 - 7. Suppose o - 5 = -13. Let y be (o/(-24))/(1/k). What is the greatest common divisor of 3 and y?
1
Let a be ((0 - -1) + -1)/(-2). Let r be -2 - (-2 + a - 28). Let o(x) = -x**2 - 6*x - 1. Let u be o(-5). What is the greatest common factor of u and r?
4
Let i be 818/6 - (-25)/(-75). What is the greatest common factor of i and 34?
34
Let i(k) = k**3 + 4*k**2 + 2*k + 2. Let s be i(-3). Suppose -x + 21 = -21. Let r = x + -27. What is the greatest common divisor of r and s?
5
Suppose 3 = -3*j - 3. Let w = 40 + j. Calculate the highest common divisor of w and 19.
19
Suppose -29 = -3*n + 2*k, 5*n - 6*k + 3*k = 50. Suppose 3*l - 7 = 32. Calculate the greatest common divisor of l and n.
13
Suppose 3*a - 170 = 4*z + 414, 2*a - 3*z - 388 = 0. Let h = a + -140. Suppose -h = -3*i - 2*i. What is the highest common factor of 8 and i?
4
Suppose -2 = 2*s + 18. Let z be (36/s)/((-2)/15). Let k be 1 + z/3 - 2. What is the highest common divisor of k and 72?
8
Let l(y) = -y**2 - 7*y + 11. Let o be l(-8). Suppose -7*c = -o*c - 28. Calculate the highest common factor of 7 and c.
7
Let q(o) = 3*o**3 - o**2 + 2*o - 2. Let l = 5 - 3. Let c be q(l). What is the highest common factor of 33 and c?
11
Suppose -7 = -3*s - 4. Let o(q) = 6*q**2 + q. Let t be o(1). Suppose 3*p + 9 = 3, -h = -3*p - t. What is the highest common factor of s and h?
1
Let s = 24 - 22. Calculate the greatest common factor of s and 2.
2
Suppose 3*l + s = 189, -3*s = 5*l - 240 - 75. Let a(v) = 8*v - 1. Let o be a(2). Suppose -2*k + o = -3. What is the greatest common divisor of l and k?
9
Let o(k) = k + 2. Let s be o(4). Calculate the greatest common factor of 22 and s.
2
Let q(z) = z**3 + 4*z**2 - 6*z - 5. Let v be -4*(-2 + (-13)/(-4)). Let o be q(v). Suppose o*p - 1 = -p. What is the highest common factor of 7 and p?
1
Let p = -3 - -1. Let n be 26/6 + p/(-3). Let w = n + 1. What is the greatest common factor of 66 and w?
6
Let l(d) be the first derivative of d**3/3 + 2*d**2 + 3*d + 2. Let x be l(-3). Suppose -4*a + 44 = -x*a. What is the greatest common divisor of a and 44?
11
Suppose -q + 290 = 4*q. What is the greatest common factor of 29 and q?
29
Let v = -222 + 159. Let c be (v/5)/((-11)/55). Calculate the highest common factor of 7 and c.
7
Let d(r) = 0 + r + 2*r - 5 - r. Let z be d(7). What is the highest common factor of z and 36?
9
Let l = -12 - -7. Let p(c) = -5*c - 5. Let w be p(l). What is the highest common divisor of w and 4?
4
Let i(s) = 3*s - 41. Let c be i(19). Let z = 0 - 6. Let v(o) = -o**3 - 7*o**2 - 8*o - 8. Let u be v(z). What is the greatest common factor of u and c?
4
Let n = 30 + -42. Let y = n - -21. What is the highest common factor of 27 and y?
9
Suppose 4*m + 28 = 2*d, m + 0*m - 56 = -3*d. Let z(t) = 4*t - 2 + 3*t**2 - 1 - t**2. Let b be z(4). Calculate the greatest common factor of b and d.
9
Suppose 2*o - 7*o + 11 = 3*v, -3*o - v = -9. Let l = 6 - o. Let i = -56 + 64. What is the greatest common factor of i and l?
2
Let d(f) = -f**3 + 2*f**2 + f - 1. Let y be d(2). Suppose 3*q + 3 = -0*q. Let o be (4/y + q)/1. What is the highest common divisor of o and 3?
3
Let j = 45 - 29. Calculate the highest common factor of j and 48.
16
Let q = 81 - -72. Calculate the greatest common factor of q and 17.
17
Let c be ((-38)/95)/(1/(-15)). Calculate the highest common divisor of 15 and c.
3
Suppose 5*t - 3*t = 0. Suppose t = 5*m - 46 - 39. Calculate the greatest common factor of 119 and m.
17
Let g(d) = -d**3 + 5*d**2 + 10*d - 7. Let j be g(6). Suppose 6*i - 10 = 8*i. Let w be 5/(i/(-36)) - 2. What is the greatest common factor of w and j?
17
Let r(q) = q**3 + 10*q**2 - 10*q - 1. Let c be r(-10). Calculate the greatest common factor of c and 11.
11
Let q = 24 - 4. What is the greatest common factor of q and 60?
20
Suppose 9*c - 64 = 7*c. What is the greatest common factor of c and 32?
32
Let y = -6 + 11. Suppose 5*o + 4*t - 1248 = 188, 3*t = 5*o - 1408. Suppose -y*q + o = 34. What is the greatest common divisor of 10 and q?
10
Suppose 0 = -k - 0 + 3. Suppose 0 = u - k*u + 50. What is the greatest common factor of u and 225?
25
Let c be -1*(0 + 4/2). Let t = 14 + c. Let g be -7*(-1 - (-159)/(-21)). Calculate the highest common divisor of g and t.
12
Suppose 0 = -4*v + 249 - 73. What is the greatest common factor of v and 4?
4
Suppose -3*o + 0*z + 4*z = -139, -4*o = 4*z - 176. Calculate the highest common factor of 75 and o.
15
Let p be 4/(-32) - 291/(-24). Let a(i) = -i**3 - 2*i**2 - 3*i - 6. Let s be a(-5). Calculate the highest common divisor of s and p.
12
Let d be (20/12)/(2/6). Suppose -5*r = -0 + d, 101 = 3*l - 5*r. What is the highest common divisor of 80 and l?
16
Let r be ((-8)/(-6))/(2/24). What is the highest common divisor of r and 8?
8
Let w be (-4)/(-6) + (-408)/(-9). What is the greatest common factor of 115 and w?
23
Let q be -1*(-3)/(9/39). What is the highest common divisor of 13 and q?
13
Suppose 4*u - 15 = 5*v, 0 = -2*u + 8*v - 4*v. Calculate the greatest common factor of 10 and u.
10
Suppose -l + q = -28, -4*l = -5*q - 181 + 68. Let a(g) = -3*g**2 + g + 2. Let d be a(2). Let k = 17 + d. What is the greatest common divisor of l and k?
9
Let p(d) = 2*d**3 - 6*d**2 - d + 9. Let t be p(4). What is the greatest common divisor of t and 37?
37
Suppose -5*q + 28 = 8. Suppose -3*k - 5 = -2*p, 2*k = q*p - 3 - 3. Let x be (48/(-10))/(-3)*5. What is the highest common divisor of p and x?
1
Let z be (2 + (-1 - 0))/((-2)/(-46)). What is the greatest common factor of z and 46?
23
Let t = -43 - -75. Suppose v = -v + t. Let r = v + -9. Calculate the highest common divisor of 77 and r.
7
Let s be 33*1*((-64)/(-12))/8. Calculate the highest common divisor of 66 and s.
22
Let c(w) = 3*w**2 + w - 2. Let t = -14 + 10. Let z be c(t). What is the highest common factor of 6 and z?
6
Let x(b) = b**2 + 7*b + 13. Let y be x(-5). What is the highest common factor of y and 21?
3
Let j(z) = 34*z + 3. Let o be j(3). Suppose 0 = 3*g + 16 + 98. Let q = g - -53. What is the greatest common factor of o and q?
15
Let f = -1 + 13. What is the highest common factor of f and 60?
12
Let b be 4/(-38) - (-1659)/57. What is the greatest common factor of 87 and b?
29
Suppose -12 = -3*y + 69. What is the highest common factor of y and 18?
9
Let k be 9/4 + (-3)/12. Let d be k/3 + (-97)/(-3). Let s = -1 + 4. What is the highest common factor of s and d?
3
Suppose -o - 2*x = -0*x + 18, 58 = -5*o - 2*x. Let w = o - -13. What is the greatest common divisor of 2 and w?
1
Let v = -120 + 129. What is the highest common divisor of 72 and v?
9
Suppose 0 = 2*p + 3*s + 7, 4*p + p - 5*s - 20 = 0. Let x = 35 - 6. Suppose -3*z + 4 = -x. What is the highest common divisor of z and p?
1
Let w be 377 - (2 - 3) - 4. What is the greatest common factor of 34 and w?
34
Let h be 12*(-2 + 3) + 4. What is the highest common divisor of 4 and h?
4
Suppose -4*q = -70 - 154. What is the highest common divisor of q and 7?
7
Suppose 2*o + o = 0. Let m(y) = -y + 5. Let a be m(o). Let p = a + 3. Calculate the greatest common factor of p and 4.
4
Let t(x) = 8*x - 68